 -2*n**3 - 44*n**2 - 10615*n - 222025. What is q(-21)?
8
Let c(w) = -227*w**2 - 687*w + 3807. Determine c(-6).
-243
Let d(h) = 2*h**3 - h**2 + 9*h - 52. Give d(-8).
-1212
Let x(b) = b**2 + 6099*b + 475451. Determine x(-79).
-129
Let s(g) = 333667*g - 2669342. Calculate s(8).
-6
Let y(d) = -d**2 + 43847*d - 525928. Calculate y(12).
92
Let j(l) = 5*l**2 + 102*l - 5882. Determine j(38).
5214
Let b(o) = 434*o - 777. Give b(0).
-777
Let d(x) = -187*x - 735. Calculate d(-3).
-174
Let q(j) = -3*j**2 + 40591*j - 243590. Determine q(6).
-152
Let q(g) = 20*g**3 - 622*g**2 + 598*g - 2. Determine q(1).
-6
Let i(q) = 24*q**3 - 8*q**2 - 48*q - 56. Determine i(-5).
-3016
Let o(k) = 2*k**3 + 103*k**2 - 191*k - 393. Give o(3).
15
Let m(j) = -54991*j + 275085. Determine m(5).
130
Let p(s) = -1181*s - 24412. Determine p(-19).
-1973
Let b(p) = 6979*p + 69799. What is b(-10)?
9
Let x(v) = 5435*v + 1337069. What is x(-246)?
59
Let c(b) = 166*b - 10454. Calculate c(48).
-2486
Let o(z) = -7889*z - 118877. Give o(-15).
-542
Let n(u) = 51*u**3 + 3212*u**2 - 4*u + 3617. Give n(-63).
-100
Let b(a) = -1137*a + 52283. Determine b(46).
-19
Let h(s) = s**3 - 75*s**2 - 28701*s - 674. Give h(-136).
6
Let g(d) = d**3 + 12*d**2 - 549*d - 3253. Give g(-6).
257
Let z(h) = -2*h**2 - 351*h + 52485. Give z(-272).
-11
Let g(n) = 425*n + 3206. What is g(-14)?
-2744
Let u(w) = w**3 + 51*w**2 + 83*w + 4252. What is u(-51)?
19
Let h(q) = q**3 - 68*q**2 + 158*q - 6103. Determine h(67).
-6
Let b(k) = 749*k + 27712. What is b(-37)?
-1
Let g(w) = -2*w**3 - 14*w**2 + 18734*w + 149743. Determine g(-8).
-1
Let t(h) = 6*h**3 - 173*h**2 - 8*h + 119. Give t(29).
728
Let p(o) = -6*o**3 - 82*o**2 + 28*o + 18. What is p(-11)?
-2226
Let n(r) = 2*r**3 - 32*r**2 - 327*r + 5212. What is n(16)?
-20
Let w(x) = -x**3 - x**2 + 238*x + 939. What is w(-4)?
35
Let c(x) = -17*x**3 - 83*x**2 - 80*x - 312. Give c(-5).
138
Let u(y) = 2562*y**2 + 12843*y + 26. Calculate u(-5).
-139
Let d(l) = -100*l - 3535. Give d(-35).
-35
Let i(k) = -k**2 + 120*k + 6448. Give i(-39).
247
Let m(c) = -6*c**3 + 191*c**2 + 31*c - 631. What is m(32)?
-663
Let h(o) = 2*o**3 - 38*o**2 - 285*o - 47. Calculate h(-6).
-137
Let x(f) = 68*f - 9241. Give x(135).
-61
Let u(y) = -y**3 + 457*y**2 - 283*y + 129467. Calculate u(457).
136
Let c(a) = 135*a + 5020. Calculate c(-35).
295
Let a(s) = 3*s**2 + 250*s - 25812. Give a(60).
-12
Let r(p) = -7*p**2 - 1181*p + 374. Give r(-169).
36
Let o(y) = -26250*y + 183681. Give o(7).
-69
Let k(p) = -1733*p - 433214. What is k(-250)?
36
Let k(t) = -55935*t + 1174616. Calculate k(21).
-19
Let p(n) = -n**2 - 2162*n - 8636. Calculate p(-4).
-4
Let o(c) = c**3 + 163*c**2 + 65*c - 2931. Calculate o(4).
1
Let p(b) = b**2 + 224*b + 10309. Calculate p(-129).
-1946
Let b(c) = 397*c**2 - 11126*c + 263. Determine b(28).
-17
Let k(q) = 67909*q - 4278267. What is k(63)?
0
Let j(y) = 1870*y + 16052. Give j(-8).
1092
Let o(d) = d**3 + 352*d**2 + 12760*d + 2795. Calculate o(-311).
-4
Let v(c) = 331*c - 8374. What is v(23)?
-761
Let j(c) = -5*c**2 + 215*c - 314. What is j(43)?
-314
Let i(x) = 335*x - 75959. What is i(226)?
-249
Let m(x) = 1176*x**2 - 122*x. Determine m(1).
1054
Let u(l) = -6278*l - 18703. Determine u(-3).
131
Let m(i) = 84*i**2 - 3086*i + 610. Determine m(37).
1424
Let w(b) = 138535*b + 1800954. Calculate w(-13).
-1
Let f(m) = -30*m**2 - 657*m - 2659. Give f(-16).
173
Let a(r) = -3*r**2 + 6*r + 832. Give a(19).
-137
Let d(c) = -4523*c - 49393. Give d(-11).
360
Let t(c) = -1313*c - 7236. What is t(-6)?
642
Let f(p) = -70501*p - 493476. Determine f(-7).
31
Let k(b) = -b**2 + 1812*b - 30652. Determine k(17).
-137
Let b(r) = 85630*r - 3253948. Give b(38).
-8
Let v(b) = -3*b**3 - 263*b**2 + 6586*b - 235. What is v(-108)?
-19
Let y(b) = 2183*b - 41487. Give y(19).
-10
Let z(j) = 3773*j + 7482. Give z(-2).
-64
Let r(l) = 69*l**2 - 22631*l - 446. Determine r(328).
-118
Let a(d) = -4*d**3 + 14*d**2 + 96*d + 419. What is a(-4)?
515
Let o(d) = -d**3 + 222*d**2 - 1316*d + 4297. Give o(216).
-23
Let l(u) = -11047*u - 707763. Determine l(-64).
-755
Let c(d) = 7*d**3 - 31*d**2 + 79*d - 33. Calculate c(2).
57
Let s(k) = -8*k**2 - 131*k + 151. Determine s(-13).
502
Let j(v) = 82*v**3 + 2221*v**2 + 185*v - 85. Determine j(-27).
23
Let v(g) = -5*g**2 + 422*g - 1. Calculate v(88).
-1585
Let o(k) = -338*k**2 - 14527*k + 302. What is o(-43)?
1
Let q(p) = -12*p**2 + 1385*p - 356. Calculate q(115).
219
Let s(b) = b**3 + 23*b**2 - 59*b - 1300. Calculate s(-23).
57
Let p(o) = 28*o**3 + 111*o**2 - 79*o - 19. Give p(-6).
-1597
Let h(c) = c**2 - 139*c + 806. Determine h(6).
8
Let a(g) = 2*g**3 + 77*g**2 - 114*g - 15. Determine a(-40).
-255
Let u(y) = 1984*y + 5958. Determine u(-3).
6
Let p(w) = -2*w**3 - 100*w**2 + w + 2791. Calculate p(0).
2791
Let m(x) = -116*x + 4486. Determine m(44).
-618
Let p(v) = v**3 - v**2 - 5572*v - 22222. What is p(-4)?
-14
Let b(z) = -15080*z + 527790. What is b(35)?
-10
Let y(q) = -3279*q + 13156. Give y(4).
40
Let j(y) = -3778*y + 64454. Give j(17).
228
Let w(m) = -1952*m - 13895. Determine w(-8).
1721
Let l(b) = -5*b**3 - 133*b**2 - 13*b + 1853. Determine l(-26).
163
Let g(z) = -296*z**2 + 2456*z + 8. Calculate g(8).
712
Let g(t) = 3818*t + 847595. Give g(-222).
-1
Let f(v) = 8384*v - 41198. Calculate f(5).
722
Let b(q) = 3*q**2 + 1147*q + 65554. Give b(-70).
-36
Let j(b) = 965*b**2 - 9648*b + 18. Determine j(10).
38
Let l(j) = -3*j**3 - 136*j**2 - 58*j - 497. What is l(-45)?
88
Let h(l) = -l**2 - 7182*l - 28713. Give h(-4).
-1
Let w(z) = -670*z - 28975. Calculate w(-43).
-165
Let a(g) = -2301*g - 39130. What is a(-17)?
-13
Let g(y) = -y**3 + 1249*y**2 + 39682*y + 61. Calculate g(-31).
-1
Let d(b) = -b**2 + 363*b + 211726. Determine d(-313).
138
Let v(k) = -k**3 - 4*k**2 + 187864*k + 1127106. Give v(-6).
-6
Let n(c) = c**3 - 64*c**2 + 104*c - 11152. Determine n(65).
-167
Let c(b) = b**2 + 498*b - 5994. Give c(12).
126
Let n(f) = 604*f - 21474. Give n(35).
-334
Let w(a) = -a**2 + 2440*a - 24309. Calculate w(10).
-9
Let l(f) = f**3 + 4*f**2 + 920*f + 213. Determine l(0).
213
Let p(l) = 30*l**3 + l**2 + 765*l + 2290. What is p(-3)?
-806
Let k(f) = -25*f + 918. Determine k(22).
368
Let c(z) = 2*z**2 + 1472*z + 7283. Calculate c(-5).
-27
Let v(t) = -140*t + 28601. Give v(221).
-2339
Let j(h) = 104*h**3 + 5*h**2 - 175*h + 336. Determine j(2).
838
Let v(n) = -498*n - 5919. Determine v(-10).
-939
Let l(m) = 5*m**2 - 1574*m - 23420. Determine l(329).
-61
Let d(a) = 3097*a - 16079. What is d(5)?
-594
Let h(u) = 1353*u + 2095. Calculate h(3).
6154
Let z(x) = 2*x**2 - 4408*x + 562494. Determine z(136).
-2
Let y(w) = 31803*w + 1971701. Give y(-62).
-85
Let o(w) = -6*w**2 + 1165*w + 12029. Determine o(204).
-7
Let u(w) = -25*w**2 - 3346*w - 10047. Determine u(-3).
-234
Let g(o) = -5*o**2 - 3456*o + 20. Calculate g(0).
20
Let p(y) = -2849*y - 22984. Determine p(-8).
-192
Let f(w) = -3*w**3 + 104*w**2 - 74*w + 188. Give f(34).
-16
Let r(w) = w**3 + 20*w + 77. Give r(5).
302
Let d(y) = 273*y - 27670. Give d(87).
-3919
Let x(a) = -305*a - 29104. Determine x(-99).
1091
Let m(b) = 4*b**2 + 886*b + 46882. Calculate m(-133).
-200
Let b(l) = -l**3 + 25*l**2 + 1026*l + 1261. Give b(-21).
1
Let l(w) = -w**2 - 771*w + 64343. Calculate l(76).
-29
Let w(n) = 284*n**2 + 121*n + 222. Determine w(-2).
1116
Let h(o) = -o**2 - 938*o - 142603. Determine h(-193).
1182
Let o(n) = 53*n**2 - 315*n - 46. What is o(6)?
-28
Let b(p) = 6*p**3 - 5*p**2 + 86*p - 2. Calculate b(0).
-2
Let l(a) = a**3 + 308*a**2 + 6828*a + 3408. Determine l(-284).
0
Let h(m) = -178*m**3 + 69*m**2 + 17*m + 14. What is h(-1)?
244
Let p(w) = 61862*w + 61850. Give p(-1).
-12
Let z(n) = 344*n**2 - 66*n - 132. Determine z(-2).
1376
Let q(b) = -493644*b - 39491527. Determine q(-80).
-7
Let r(y) = -y**3 + 158*y**2 - 1103*y + 6818. What is r(151)?
-128
Let o(r) = -4*r**3 + 48*r**2 - 3819*r + 41537. Give o(11).
12
Let q(k) = 746*k**3 - 2233*k**2 + 6*k - 14. Give q(3).
49
Let f(y) = -306*y - 3123. Determine f(-17).
2079
Let u(f) = -81*f - 11062. Determine u(-125).
-937
Let p(q) = -3*q**3 - 108*q**2 + 226*q - 28. Give p(-38).
48
Let b(z) = -296*z - 1442. What is b(-6)?
334
Let g(y) = y**2 + 75*y - 10414. Give g(-151).
1062
Let r(i) = -8163*i - 97940. Calculate r(-12).
16
Let